emainder when 1106 is divided by 272.
18
Calculate the remainder when 4943 is divided by 386.
311
Calculate the remainder when 16753 is divided by 10.
3
Calculate the remainder when 48338 is divided by 5.
3
Calculate the remainder when 8688 is divided by 18.
12
What is the remainder when 10303 is divided by 4757?
789
What is the remainder when 5195 is divided by 20?
15
What is the remainder when 26415 is divided by 13200?
15
Calculate the remainder when 38001 is divided by 96.
81
Calculate the remainder when 5015 is divided by 198.
65
What is the remainder when 24433 is divided by 120?
73
What is the remainder when 3694 is divided by 8?
6
Calculate the remainder when 99284 is divided by 15.
14
What is the remainder when 128070 is divided by 6403?
10
Calculate the remainder when 358 is divided by 67.
23
What is the remainder when 1039 is divided by 389?
261
What is the remainder when 8090 is divided by 387?
350
What is the remainder when 6270 is divided by 558?
132
What is the remainder when 1152 is divided by 459?
234
What is the remainder when 26277 is divided by 505?
17
Calculate the remainder when 113219 is divided by 110.
29
What is the remainder when 50958 is divided by 73?
4
Calculate the remainder when 588743 is divided by 888.
887
What is the remainder when 2835 is divided by 802?
429
Calculate the remainder when 23904 is divided by 1127.
237
What is the remainder when 2155 is divided by 72?
67
What is the remainder when 433021 is divided by 1592?
1589
Calculate the remainder when 2113 is divided by 119.
90
What is the remainder when 2057 is divided by 757?
543
Calculate the remainder when 2860 is divided by 1367.
126
What is the remainder when 12263 is divided by 25?
13
Calculate the remainder when 640195 is divided by 31.
14
What is the remainder when 10101 is divided by 103?
7
Calculate the remainder when 139602 is divided by 517.
12
What is the remainder when 789 is divided by 748?
41
What is the remainder when 8371 is divided by 703?
638
Calculate the remainder when 140902 is divided by 55.
47
Calculate the remainder when 89592 is divided by 45.
42
Calculate the remainder when 4534 is divided by 752.
22
Calculate the remainder when 409630 is divided by 133.
123
Calculate the remainder when 4648 is divided by 75.
73
Calculate the remainder when 4314 is divided by 40.
34
Calculate the remainder when 46684 is divided by 676.
40
Calculate the remainder when 12006 is divided by 179.
13
Calculate the remainder when 1539 is divided by 339.
183
What is the remainder when 105027 is divided by 17?
1
What is the remainder when 15110 is divided by 7553?
4
What is the remainder when 132504 is divided by 19?
17
Calculate the remainder when 13668 is divided by 19.
7
Calculate the remainder when 1776 is divided by 22.
16
What is the remainder when 3298 is divided by 23?
9
Calculate the remainder when 66437 is divided by 4743.
35
Calculate the remainder when 1573 is divided by 173.
16
What is the remainder when 751 is divided by 165?
91
What is the remainder when 33248 is divided by 19?
17
Calculate the remainder when 695 is divided by 30.
5
What is the remainder when 179033 is divided by 53?
52
What is the remainder when 1913 is divided by 592?
137
What is the remainder when 199607 is divided by 117?
5
What is the remainder when 15714 is divided by 785?
14
What is the remainder when 271847 is divided by 564?
563
What is the remainder when 52551 is divided by 10484?
131
What is the remainder when 2126981 is divided by 481?
480
What is the remainder when 41591 is divided by 15?
11
Calculate the remainder when 30195 is divided by 265.
250
What is the remainder when 107215 is divided by 205?
0
What is the remainder when 105031 is divided by 26?
17
Calculate the remainder when 378516 is divided by 5115.
6
What is the remainder when 80615 is divided by 277?
8
What is the remainder when 12085 is divided by 6009?
67
Calculate the remainder when 2731 is divided by 91.
1
Calculate the remainder when 196879 is divided by 8.
7
What is the remainder when 21453 is divided by 16?
13
What is the remainder when 72284 is divided by 682?
674
Calculate the remainder when 7705 is divided by 26.
9
Calculate the remainder when 80761 is divided by 189.
58
What is the remainder when 42011 is divided by 5999?
18
What is the remainder when 13494 is divided by 2190?
354
What is the remainder when 42997 is divided by 10624?
501
What is the remainder when 3156 is divided by 883?
507
What is the remainder when 8261 is divided by 375?
11
What is the remainder when 88223 is divided by 51?
44
What is the remainder when 104709 is divided by 16?
5
Calculate the remainder when 617 is divided by 120.
17
Calculate the remainder when 710693 is divided by 296.
293
What is the remainder when 19557 is divided by 73?
66
Calculate the remainder when 6466 is divided by 6458.
8
What is the remainder when 10264 is divided by 570?
4
What is the remainder when 22465 is divided by 1372?
513
Calculate the remainder when 2189 is divided by 97.
55
What is the remainder when 52457 is divided by 13112?
9
What is the remainder when 172382 is divided by 57449?
35
What is the remainder when 346651 is divided by 48?
43
Calculate the remainder when 80504 is divided by 59.
28
What is the remainder when 3410 is divided by 1672?
66
Calculate the remainder when 67868 is divided by 789.
14
Calculate the remainder when 18673 is divided by 2332.
17
What is the remainder when 7579 is divided by 3776?
27
Calculate the remainder when 149541 is divided by 149540.
1
Calculate the remainder when 12529 is divided by 160.
49
Calculate the remainder when 149632 is divided by 696.
688
Calculate the remainder when 9401 is divided by 2328.
89
What is the remainder when 4854 is divided by 969?
9
Calculate the remainder when 14948 is divided by 14756.
192
What is the remainder when 29747 is divided by 1857?
35
Calculate the remainder when 27675 is divided by 27661.
14
Calculate the remainder when 3305 is divided by 85.
75
Calculate the remainder when 435897 is divided by 435882.
15
What is the remainder when 392510 is divided by 371?
363
What is the remainder when 368063 is divided by 288?
287
What is the remainder when 1472 is divided by 148?
140
Calculate the remainder when 56930 is divided by 153.
14
Calculate the remainder when 67026 is divided by 76.
70
What is the remainder when 78207 is divided by 3258?
15
What is the remainder when 25602 is divided by 834?
582
What is the remainder when 290935 is divided by 31?
0
Calculate the remainder when 5982 is divided by 250.
232
Calculate the remainder when 596410 is divided by 198799.
13
What is the remainder when 257613 is divided by 9?
6
Calculate the remainder when 1126 is divided by 486.
154
Calculate the remainder when 8384 is divided by 466.
462
Calculate the remainder when 282 is divided by 57.
54
Calculate the remainder when 35505 is divided by 194.
3
Calculate the remainder when 853 is divided by 65.
8
Calculate the remainder when 327 is divided by 227.
100
Calculate the remainder when 896 is divided by 892.
4
What is the remainder when 1737 is divided by 518?
183
Calculate the remainder when 12300 is divided by 232.
4
Calculate the remainder when 140139 is divided by 182.
181
Calculate the remainder when 19767 is divided by 959.
587
Calculate the remainder when 1920 is divided by 634.
18
Calculate the remainder when 1391 is divided by 177.
152
What is the remainder when 6532 is divided by 2118?
178
What is the remainder when 213446 is divided by 75?
71
What is the remainder when 729 is divided by 40?
9
What is the remainder when 2038 is divided by 984?
70
Calculate the remainder when 36060 is divided by 248.
100
Calculate the remainder when 119829 is divided by 402.
33
What is the remainder when 627153 is divided by 36?
33
What is the remainder when 79730 is divided by 11?
2
Calculate the remainder when 407 is divided by 213.
194
Calculate the remainder when 48459 is divided by 748.
587
What is the remainder when 281660 is divided by 48?
44
Calculate the remainder when 17719 is divided by 42.
37
What is the remainder when 154539 is divided by 43?
40
What is the remainder when 80044 is divided by 8?
4
What is the remainder when 8170 is divided by 1124?
302
What is